/28 + (-77)/(-4). Suppose v = 2*j + 7, 0 = 4*v - 0*j - 5*j - w. What is the units digit of v?
1
Let a = 9 - 13. Let y = a - -8. What is the units digit of (-4)/y - (-10 + -1)?
0
Let s = -3 + 24. What is the tens digit of s?
2
Suppose 0*y + 5*r + 1251 = 4*y, 0 = 2*y + 2*r - 648. What is the units digit of y?
9
Suppose 2*q + 4*b - 80 = 0, -3*q + 8 = -4*b - 82. What is the units digit of q?
4
Let i(z) = 2*z - 1. Let v be i(1). Let f = v + 2. Suppose 16 = 2*s - 2*n, f*s - 1 - 22 = 2*n. What is the units digit of s?
7
Let i(p) = p**3 + 9*p**2 + 7*p - 2. Let q be i(-8). Let b(l) = 2 + 2*l**2 - 3 + q*l - 2 + 5. What is the tens digit of b(-4)?
1
Suppose 5*t - 5 - 5 = 0. Suppose -y + t + 1 = 0. What is the units digit of y?
3
Let z(k) = k**2 + 2*k - 1. Let c be z(2). Let t = c - 4. What is the units digit of t?
3
Let g = 4 + 1. Suppose 3*x - 16 = -c, -x - 25 = -5*c - g*x. What is the units digit of (-70)/(-4) - c/(-2)?
8
Suppose 3*c = 5*w - 4, 7 - 3 = 2*c. Let z(a) = 2*a**2 + a. Let h be z(2). Suppose y + 4*g - 10 = 0, 5 = w*y + 3*g - h. What is the units digit of y?
6
Let s(c) = c**2 - 5*c + 3. What is the tens digit of s(-4)?
3
Let l = 4 + -4. Suppose l*b = -b + 15. What is the units digit of b?
5
Suppose 0*t - 4*t - 3 = -5*l, 0 = t + 4*l + 27. What is the units digit of 2/t - (-180)/42?
4
Suppose 0 = l + c - 1, -3*l - c = 3*c - 2. Suppose -21 = l*q - 3*f, -q + 5*f - 14 - 14 = 0. Let d = 7 + q. What is the units digit of d?
4
Suppose 0 = -4*n - 0*n. Let p(c) = c**2 - c + 5. Let k be p(0). Let f = n + k. What is the units digit of f?
5
Let k be (3/(-4))/(4/(-16)). Suppose k*j - 8 = -j. What is the units digit of j?
2
Suppose -p - 7 = -17. What is the units digit of p?
0
Let u(w) = 6*w**2 - 3*w - 8. What is the units digit of u(-3)?
5
Suppose -4*h = -5*f - 0*f + 725, 2*f - 287 = h. What is the hundreds digit of f?
1
Let v(m) = m**3 + m**2 + 2*m + 150. What is the tens digit of v(0)?
5
Let u be (2/3)/((-2)/(-27)). Let y = u + -8. What is the units digit of y?
1
Suppose 5*b = b - 32. Let h = 26 + b. What is the units digit of h?
8
Suppose 0 = 2*h + h - 9. Suppose 3*f + 23 + 22 = h*t, -f - 75 = -5*t. Let n = t + -9. What is the units digit of n?
6
Let r(f) = -f**3 + 7*f**2 + f + 8. Let j be r(7). Let y = j + -11. What is the units digit of y?
4
Suppose -62*l = -66*l + 1164. What is the hundreds digit of l?
2
Suppose -5*t + 18 = -3*t. Let y(z) = 2*z - 4. What is the units digit of y(t)?
4
Let c(v) = 1 - v**3 - 9*v**2 + 1 + 8*v + 2*v. Let p be c(-10). Suppose -p*r = 2*g - 6, 3*r + 13 = g + 2*r. What is the units digit of g?
8
Let n(v) = 6*v - 9. Let a be n(6). Suppose 5*s + 7 = a. What is the units digit of s?
4
Let y be (-486)/(-30) - 2/10. Let o = 1 + y. Suppose 5*r - 9 = -m + 17, -3*m - o = -4*r. What is the units digit of m?
1
Let h(w) = w**3 + 5*w**2 - w - 3. Let l = -10 - -5. Let k be h(l). Suppose 5*o = 4*p - k*p + 103, 0 = -4*o + 4*p + 92. What is the units digit of o?
9
Suppose 6*b - b = 780. What is the tens digit of b?
5
Let q(s) = 4 + s**3 - 2*s**3 + 5*s**2 - 1. Let f be q(5). What is the units digit of (-4)/6*(0 - f)?
2
What is the units digit of (135/25)/(9/30)?
8
Let q be 36/(-16)*(-8)/(-2). Let c = 15 + q. What is the tens digit of (-10 - -4)*(-14)/c?
1
Let i(d) be the first derivative of -d**4/4 + d**3 + d**2 - 4*d + 1. What is the units digit of i(3)?
2
Suppose 0 = -2*m + 11 - 1. Let p = 13 + m. What is the tens digit of p?
1
Suppose 2*z - y = 5*z - 39, z - 4*y = 0. Let w be (-344)/(-6) + (-4)/z. Suppose -b = -5*u + 50, 5*u = -b + w - 17. What is the units digit of u?
9
Let b = 205 - 145. What is the tens digit of b?
6
Let x be (4/(-2))/((-3)/(-21)). Let q = 31 - 62. Let c = x - q. What is the units digit of c?
7
Let f be (-5)/(-10)*(-12)/(-2). Suppose 56 = -f*g - g. Let k = 2 - g. What is the tens digit of k?
1
Let b(q) = q + 3. Let x(m) = -m - 4. Let u be x(-4). Let h be b(u). Suppose y = -d - h*d + 13, 5*d = 10. What is the units digit of y?
5
Suppose -8 + 32 = -3*h. Let b = 7 - h. What is the units digit of ((-12)/(-10))/(3/b)?
6
Let f = 2 - 2. Suppose f*r + 2*r - 44 = 0. What is the units digit of r?
2
Suppose -5*j + 10 = 0, -4*j + 16 = -g - 3*g. Let u = g - -14. What is the units digit of u?
2
Let q(v) = -93*v + 1. Let u be q(-1). Suppose 3*i - 2*i = 4*z - u, -8 = 4*i. What is the tens digit of z?
2
Let y(b) be the second derivative of b**3/6 + 9*b**2/2 - 3*b. Let r be y(-7). Suppose r*f = 6*f - 28. What is the units digit of f?
7
Let a be (-4)/(-5)*(-10)/(-4). Suppose 0 = -5*i + a*i - 24. What is the units digit of (i + -2)/((-4)/2)?
5
What is the units digit of 6/(-2 - -26) - (-755)/4?
9
Let m(o) = 2*o**2 - 2*o. Suppose -2*a + a - 3 = 0. What is the tens digit of m(a)?
2
What is the tens digit of -1 + 156/(16/4)?
3
Let n(h) = 6*h - 13. What is the tens digit of n(6)?
2
Let m(l) = 2*l - 6*l - 2 - l - 4*l. What is the tens digit of m(-2)?
1
Let z be 7/(-3)*(-7 - -4). Let i = -2 + -1. What is the units digit of i - z/(7/(-18))?
5
Let i = -12 + 110. What is the units digit of i?
8
Let p = -16 + 69. What is the units digit of p?
3
Suppose 0 = -8*v + 3*v + 95. Suppose c = -u - 2*c + v, 3*c + 1 = 4*u. Suppose -35 = -u*s + 5. What is the units digit of s?
0
Suppose 4*h + 48 = -4*x, x + 44 = -4*h - 2*x. What is the units digit of h/(-36) + 32/18?
2
Suppose 6*k - 2*k + 4*j - 76 = 0, 0 = 5*j. What is the tens digit of k?
1
Let g = 17 - 6. What is the units digit of g?
1
Let f = 2 - 0. What is the units digit of (-1 - -4 - f)*9?
9
Let v = -83 + 89. Let d be -1 + -1 + 7 + -2. Suppose -d*b = -b - v. What is the units digit of b?
3
Suppose 4*x - 188 - 28 = 0. What is the units digit of x?
4
Suppose -2*r + 20 = -4*r. Let c = 17 + r. What is the units digit of c?
7
Suppose 62 = -0*b + 2*b. What is the units digit of b?
1
Let u = 54 - -40. What is the tens digit of u?
9
What is the hundreds digit of (-1)/(3/(-12)) - (-966)/7?
1
Let o = 124 + -17. What is the units digit of o?
7
Suppose 2 - 8 = -3*o. Let q be o - (-1 + 32) - -2. What is the units digit of (2/(-6))/(1/q)?
9
Suppose 3*z + 11 = 2. Let w = z - -25. Let c = w - 13. What is the units digit of c?
9
Let c = -112 + 193. What is the units digit of c?
1
Suppose -96 = -3*m + 2*m + 3*s, -470 = -5*m + 5*s. What is the units digit of m?
3
Let r be ((-105)/9)/(-5)*3. Suppose 0*a + r = 4*u + 5*a, 4*u - a = 13. Suppose -u*d + 20 + 1 = 0. What is the units digit of d?
7
Suppose 2*l + 0*r - 66 = -r, -3*l = -5*r - 125. Let q = 59 - l. What is the tens digit of q?
2
Let u(l) be the second derivative of 1/6*l**4 + 0 + 2*l - 1/2*l**3 + 0*l**2. What is the units digit of u(3)?
9
What is the hundreds digit of ((-47)/(-3))/(1/9)?
1
Let w(a) = a**2 + 5*a + 5. Let f = -1 - 4. Let h be w(f). Suppose -h*g + 52 = -g. What is the tens digit of g?
1
Suppose 31 = 3*a - 26. What is the units digit of a?
9
Let q = 9 - 16. Let o(h) = h + 8. Let b be o(q). Suppose -4*t - 24 = -k, -2*k + b = 3*t - 3. What is the units digit of k?
8
Let x = 169 - -17. What is the tens digit of x?
8
Let c be (-2 + -1)*44/(-3). What is the units digit of (-79)/(-11) + (-8)/c?
7
Suppose 0 = 4*v - u - 276, -v + u + 69 = 2*u. What is the tens digit of v?
6
Let y(h) = 29*h - 3. Let i(x) be the first derivative of 5*x**2 - x + 2. Let o(g) = 11*i(g) - 4*y(g). What is the units digit of o(-1)?
7
Suppose 0*s + 200 = 2*s. What is the units digit of s?
0
Let w be (-2)/(-4) + (-2245)/(-10). Suppose -2*n - w = -7*n. What is the tens digit of n?
4
Let g(a) = 106*a - 10. Let c be g(3). Suppose 5*p - 4*h - c = 0, p + p + 2*h = 116. What is the units digit of p?
0
Let h(n) = n**2 + 13*n + 9. What is the tens digit of h(-16)?
5
What is the units digit of (-18)/(-12) + 7/2?
5
Let r(l) = -l - 5. Let o be r(-7). Suppose 2*m = -o - 0. Let j = 5 - m. What is the units digit of j?
6
Suppose -3*l - 2*r + 6*r = 1, -5*l + r = -4. Let i be l/3 + (-166)/(-6). Suppose 4*j - i = -0*j. What is the units digit of j?
7
Suppose -7*z - 2*z = -657. What is the units digit of z?
3
Suppose 0 = -12*l + 899 + 1357. What is the units digit of l?
8
Let z(o) = -o + 3. Let t(b) = -b**3 + 5*b**2 - 3*b - 4. Let r be t(3). Let c be z(r). What is the units digit of c - 2/(2/(-9))?
7
Suppose 0 = 4*g + 3 + 9. Let o = g + 7. Suppose 13 = o*i - 3. What is the units digit of i?
4
Suppose 